{"id":541,"date":"2018-11-27T09:17:08","date_gmt":"2018-11-27T09:17:08","guid":{"rendered":"http:\/\/www.baskentnightclub.com\/?page_id=541"},"modified":"2023-09-13T08:39:18","modified_gmt":"2023-09-13T08:39:18","slug":"hakkimizda","status":"publish","type":"page","link":"http:\/\/www.baskentnightclub.com\/?page_id=541","title":{"rendered":"Hakk\u0131m\u0131zda"},"content":{"rendered":"\t\t<div data-elementor-type=\"wp-post\" data-elementor-id=\"541\" class=\"elementor elementor-541\">\n\t\t\t\t\t\t\t\t\t<section class=\"elementor-section elementor-top-section elementor-element elementor-element-d7d8b56 elementor-section-boxed elementor-section-height-default elementor-section-height-default\" data-id=\"d7d8b56\" data-element_type=\"section\" data-settings=\"{&quot;background_background&quot;:&quot;classic&quot;}\">\n\t\t\t\t\t\t\t<div class=\"elementor-background-overlay\"><\/div>\n\t\t\t\t\t\t\t<div class=\"elementor-container elementor-column-gap-default\">\n\t\t\t\t\t<div class=\"elementor-column elementor-col-100 elementor-top-column elementor-element elementor-element-fd69444\" data-id=\"fd69444\" data-element_type=\"column\">\n\t\t\t<div class=\"elementor-widget-wrap elementor-element-populated\">\n\t\t\t\t\t\t\t\t<div class=\"elementor-element elementor-element-abcc2f2 elementor-widget elementor-widget-heading\" data-id=\"abcc2f2\" data-element_type=\"widget\" data-widget_type=\"heading.default\">\n\t\t\t\t<div class=\"elementor-widget-container\">\n\t\t\t<style>\/*! elementor - v3.16.0 - 14-09-2023 *\/\n.elementor-heading-title{padding:0;margin:0;line-height:1}.elementor-widget-heading .elementor-heading-title[class*=elementor-size-]>a{color:inherit;font-size:inherit;line-height:inherit}.elementor-widget-heading .elementor-heading-title.elementor-size-small{font-size:15px}.elementor-widget-heading .elementor-heading-title.elementor-size-medium{font-size:19px}.elementor-widget-heading .elementor-heading-title.elementor-size-large{font-size:29px}.elementor-widget-heading .elementor-heading-title.elementor-size-xl{font-size:39px}.elementor-widget-heading .elementor-heading-title.elementor-size-xxl{font-size:59px}<\/style><h1 class=\"elementor-heading-title elementor-size-default\">Biz kimiz?<\/h1>\t\t<\/div>\n\t\t\t\t<\/div>\n\t\t\t\t\t<\/div>\n\t\t<\/div>\n\t\t\t\t\t\t\t<\/div>\n\t\t<\/section>\n\t\t\t\t<section class=\"elementor-section elementor-top-section elementor-element elementor-element-5c40d7b elementor-section-boxed elementor-section-height-default elementor-section-height-default\" data-id=\"5c40d7b\" data-element_type=\"section\">\n\t\t\t\t\t\t<div class=\"elementor-container elementor-column-gap-default\">\n\t\t\t\t\t<div class=\"elementor-column elementor-col-50 elementor-top-column elementor-element elementor-element-2ebbf9c\" data-id=\"2ebbf9c\" data-element_type=\"column\">\n\t\t\t<div class=\"elementor-widget-wrap elementor-element-populated\">\n\t\t\t\t\t\t\t\t<div class=\"elementor-element elementor-element-fe195c7 elementor-widget elementor-widget-heading\" data-id=\"fe195c7\" data-element_type=\"widget\" data-widget_type=\"heading.default\">\n\t\t\t\t<div class=\"elementor-widget-container\">\n\t\t\t<h2 class=\"elementor-heading-title elementor-size-default\">Biz kimiz<\/h2>\t\t<\/div>\n\t\t\t\t<\/div>\n\t\t\t\t<div class=\"elementor-element elementor-element-dc051dd elementor-widget-divider--view-line elementor-widget elementor-widget-divider\" data-id=\"dc051dd\" data-element_type=\"widget\" data-widget_type=\"divider.default\">\n\t\t\t\t<div class=\"elementor-widget-container\">\n\t\t\t<style>\/*! elementor - v3.16.0 - 14-09-2023 *\/\n.elementor-widget-divider{--divider-border-style:none;--divider-border-width:1px;--divider-color:#0c0d0e;--divider-icon-size:20px;--divider-element-spacing:10px;--divider-pattern-height:24px;--divider-pattern-size:20px;--divider-pattern-url:none;--divider-pattern-repeat:repeat-x}.elementor-widget-divider .elementor-divider{display:flex}.elementor-widget-divider .elementor-divider__text{font-size:15px;line-height:1;max-width:95%}.elementor-widget-divider .elementor-divider__element{margin:0 var(--divider-element-spacing);flex-shrink:0}.elementor-widget-divider .elementor-icon{font-size:var(--divider-icon-size)}.elementor-widget-divider .elementor-divider-separator{display:flex;margin:0;direction:ltr}.elementor-widget-divider--view-line_icon .elementor-divider-separator,.elementor-widget-divider--view-line_text .elementor-divider-separator{align-items:center}.elementor-widget-divider--view-line_icon .elementor-divider-separator:after,.elementor-widget-divider--view-line_icon .elementor-divider-separator:before,.elementor-widget-divider--view-line_text .elementor-divider-separator:after,.elementor-widget-divider--view-line_text .elementor-divider-separator:before{display:block;content:\"\";border-bottom:0;flex-grow:1;border-top:var(--divider-border-width) var(--divider-border-style) var(--divider-color)}.elementor-widget-divider--element-align-left .elementor-divider .elementor-divider-separator>.elementor-divider__svg:first-of-type{flex-grow:0;flex-shrink:100}.elementor-widget-divider--element-align-left .elementor-divider-separator:before{content:none}.elementor-widget-divider--element-align-left .elementor-divider__element{margin-left:0}.elementor-widget-divider--element-align-right .elementor-divider .elementor-divider-separator>.elementor-divider__svg:last-of-type{flex-grow:0;flex-shrink:100}.elementor-widget-divider--element-align-right .elementor-divider-separator:after{content:none}.elementor-widget-divider--element-align-right .elementor-divider__element{margin-right:0}.elementor-widget-divider:not(.elementor-widget-divider--view-line_text):not(.elementor-widget-divider--view-line_icon) .elementor-divider-separator{border-top:var(--divider-border-width) var(--divider-border-style) var(--divider-color)}.elementor-widget-divider--separator-type-pattern{--divider-border-style:none}.elementor-widget-divider--separator-type-pattern.elementor-widget-divider--view-line .elementor-divider-separator,.elementor-widget-divider--separator-type-pattern:not(.elementor-widget-divider--view-line) .elementor-divider-separator:after,.elementor-widget-divider--separator-type-pattern:not(.elementor-widget-divider--view-line) .elementor-divider-separator:before,.elementor-widget-divider--separator-type-pattern:not([class*=elementor-widget-divider--view]) .elementor-divider-separator{width:100%;min-height:var(--divider-pattern-height);-webkit-mask-size:var(--divider-pattern-size) 100%;mask-size:var(--divider-pattern-size) 100%;-webkit-mask-repeat:var(--divider-pattern-repeat);mask-repeat:var(--divider-pattern-repeat);background-color:var(--divider-color);-webkit-mask-image:var(--divider-pattern-url);mask-image:var(--divider-pattern-url)}.elementor-widget-divider--no-spacing{--divider-pattern-size:auto}.elementor-widget-divider--bg-round{--divider-pattern-repeat:round}.rtl .elementor-widget-divider .elementor-divider__text{direction:rtl}.e-con-inner>.elementor-widget-divider,.e-con>.elementor-widget-divider{width:var(--container-widget-width,100%);--flex-grow:var(--container-widget-flex-grow)}<\/style>\t\t<div class=\"elementor-divider\">\n\t\t\t<span class=\"elementor-divider-separator\">\n\t\t\t\t\t\t<\/span>\n\t\t<\/div>\n\t\t\t\t<\/div>\n\t\t\t\t<\/div>\n\t\t\t\t<div class=\"elementor-element elementor-element-e5f497e elementor-widget elementor-widget-text-editor\" data-id=\"e5f497e\" data-element_type=\"widget\" data-widget_type=\"text-editor.default\">\n\t\t\t\t<div class=\"elementor-widget-container\">\n\t\t\t<style>\/*! elementor - v3.16.0 - 14-09-2023 *\/\n.elementor-widget-text-editor.elementor-drop-cap-view-stacked .elementor-drop-cap{background-color:#69727d;color:#fff}.elementor-widget-text-editor.elementor-drop-cap-view-framed .elementor-drop-cap{color:#69727d;border:3px solid;background-color:transparent}.elementor-widget-text-editor:not(.elementor-drop-cap-view-default) .elementor-drop-cap{margin-top:8px}.elementor-widget-text-editor:not(.elementor-drop-cap-view-default) .elementor-drop-cap-letter{width:1em;height:1em}.elementor-widget-text-editor .elementor-drop-cap{float:left;text-align:center;line-height:1;font-size:50px}.elementor-widget-text-editor .elementor-drop-cap-letter{display:inline-block}<\/style>\t\t\t\t<p>20 y\u0131l\u0131 a\u015fk\u0131n bir s\u00fcredir Ankara\u2019n\u0131n gece hayat\u0131na y\u00f6n veriyoruz!<\/p><p>Ankara\u2019n\u0131n en iyi turistik gece kul\u00fcb\u00fc!<\/p><p>Sabaha kadar \u015fov gruplar\u0131m\u0131z ve sanat\u00e7\u0131lar\u0131m\u0131zla e\u011flencenin kalbi burada at\u0131yor!<\/p><p>Gecede 3 sanat\u00e7\u0131 ve sabaha kadar \u015fov gruplar\u0131m\u0131zla s\u0131n\u0131rs\u0131z e\u011flence!<\/p>\t\t\t\t\t\t<\/div>\n\t\t\t\t<\/div>\n\t\t\t\t<div class=\"elementor-element elementor-element-5dcd18a elementor-widget elementor-widget-text-editor\" data-id=\"5dcd18a\" data-element_type=\"widget\" data-widget_type=\"text-editor.default\">\n\t\t\t\t<div class=\"elementor-widget-container\">\n\t\t\t\t\t\t\t<h2><strong>Sanat\u00e7\u0131lar\u0131m\u0131z<\/strong><\/h2><h3>M\u00fcjdehan<br \/>P\u0131nar Derya \u015earlak<br \/>Zeynep El\u00e7in Ayd\u0131n<\/h3>\t\t\t\t\t\t<\/div>\n\t\t\t\t<\/div>\n\t\t\t\t\t<\/div>\n\t\t<\/div>\n\t\t\t\t<div class=\"elementor-column elementor-col-50 elementor-top-column elementor-element elementor-element-e5fdae0\" data-id=\"e5fdae0\" data-element_type=\"column\">\n\t\t\t<div class=\"elementor-widget-wrap elementor-element-populated\">\n\t\t\t\t\t\t\t\t<div class=\"elementor-element elementor-element-96b5b53 elementor-widget elementor-widget-image\" data-id=\"96b5b53\" data-element_type=\"widget\" data-widget_type=\"image.default\">\n\t\t\t\t<div class=\"elementor-widget-container\">\n\t\t\t<style>\/*! elementor - v3.16.0 - 14-09-2023 *\/\n.elementor-widget-image{text-align:center}.elementor-widget-image a{display:inline-block}.elementor-widget-image a img[src$=\".svg\"]{width:48px}.elementor-widget-image img{vertical-align:middle;display:inline-block}<\/style>\t\t\t\t\t\t\t\t\t\t\t\t<img loading=\"lazy\" decoding=\"async\" width=\"1197\" height=\"1600\" src=\"http:\/\/www.baskentnightclub.com\/wp-content\/uploads\/2023\/09\/WhatsApp-Image-2021-09-05-at-23.35.27.jpeg\" class=\"attachment-full size-full wp-image-736\" alt=\"\" srcset=\"http:\/\/www.baskentnightclub.com\/wp-content\/uploads\/2023\/09\/WhatsApp-Image-2021-09-05-at-23.35.27.jpeg 1197w, http:\/\/www.baskentnightclub.com\/wp-content\/uploads\/2023\/09\/WhatsApp-Image-2021-09-05-at-23.35.27-224x300.jpeg 224w, http:\/\/www.baskentnightclub.com\/wp-content\/uploads\/2023\/09\/WhatsApp-Image-2021-09-05-at-23.35.27-766x1024.jpeg 766w, http:\/\/www.baskentnightclub.com\/wp-content\/uploads\/2023\/09\/WhatsApp-Image-2021-09-05-at-23.35.27-768x1027.jpeg 768w, http:\/\/www.baskentnightclub.com\/wp-content\/uploads\/2023\/09\/WhatsApp-Image-2021-09-05-at-23.35.27-1149x1536.jpeg 1149w\" sizes=\"auto, (max-width: 1197px) 100vw, 1197px\" \/>\t\t\t\t\t\t\t\t\t\t\t\t\t\t\t<\/div>\n\t\t\t\t<\/div>\n\t\t\t\t\t<\/div>\n\t\t<\/div>\n\t\t\t\t\t\t\t<\/div>\n\t\t<\/section>\n\t\t\t\t\t\t\t<\/div>\n\t\t","protected":false},"excerpt":{"rendered":"<p>Biz kimiz? Biz kimiz 20 y\u0131l\u0131 a\u015fk\u0131n bir s\u00fcredir Ankara\u2019n\u0131n gece hayat\u0131na y\u00f6n veriyoruz! Ankara\u2019n\u0131n en iyi turistik gece kul\u00fcb\u00fc! Sabaha kadar \u015fov gruplar\u0131m\u0131z ve sanat\u00e7\u0131lar\u0131m\u0131zla e\u011flencenin kalbi burada at\u0131yor! Gecede 3 sanat\u00e7\u0131 ve sabaha kadar \u015fov gruplar\u0131m\u0131zla s\u0131n\u0131rs\u0131z e\u011flence! Sanat\u00e7\u0131lar\u0131m\u0131z M\u00fcjdehan P\u0131nar Derya \u015earlak Zeynep El\u00e7in Ayd\u0131n<\/p>\n","protected":false},"author":1,"featured_media":0,"parent":0,"menu_order":0,"comment_status":"closed","ping_status":"closed","template":"","meta":{"site-sidebar-layout":"no-sidebar","site-content-layout":"page-builder","ast-site-content-layout":"full-width-container","site-content-style":"unboxed","site-sidebar-style":"unboxed","ast-global-header-display":"","ast-banner-title-visibility":"","ast-main-header-display":"","ast-hfb-above-header-display":"","ast-hfb-below-header-display":"","ast-hfb-mobile-header-display":"","site-post-title":"disabled","ast-breadcrumbs-content":"","ast-featured-img":"disabled","footer-sml-layout":"","theme-transparent-header-meta":"enabled","adv-header-id-meta":"","stick-header-meta":"","header-above-stick-meta":"","header-main-stick-meta":"","header-below-stick-meta":"","astra-migrate-meta-layouts":"set","footnotes":""},"class_list":["post-541","page","type-page","status-publish","hentry"],"yoast_head":"<!-- This site is optimized with the Yoast SEO plugin v21.2 - https:\/\/yoast.com\/wordpress\/plugins\/seo\/ -->\n<title>Hakk\u0131m\u0131zda - Ba\u015fkent Night Club<\/title>\n<meta name=\"description\" content=\"Ankara Gecelerinin \u00d6nc\u00fcs\u00fc Ankara Night Clup E\u015fsiz \u015fov ve sahne g\u00f6sterileri ile gecelerin ritmini tutmaya devam ediyor.\" \/>\n<meta name=\"robots\" content=\"index, follow, max-snippet:-1, max-image-preview:large, max-video-preview:-1\" \/>\n<link rel=\"canonical\" href=\"http:\/\/www.baskentnightclub.com\/?page_id=541\" \/>\n<meta property=\"og:locale\" content=\"tr_TR\" \/>\n<meta property=\"og:type\" content=\"article\" \/>\n<meta property=\"og:title\" content=\"Hakk\u0131m\u0131zda - Ba\u015fkent Night Club\" \/>\n<meta property=\"og:description\" content=\"Ankara Gecelerinin \u00d6nc\u00fcs\u00fc Ankara Night Clup E\u015fsiz \u015fov ve sahne g\u00f6sterileri ile gecelerin ritmini tutmaya devam ediyor.\" \/>\n<meta property=\"og:url\" content=\"http:\/\/www.baskentnightclub.com\/?page_id=541\" \/>\n<meta property=\"og:site_name\" content=\"Ba\u015fkent Night Club\" \/>\n<meta property=\"article:modified_time\" content=\"2023-09-13T08:39:18+00:00\" \/>\n<meta property=\"og:image\" content=\"http:\/\/www.baskentnightclub.com\/wp-content\/uploads\/2023\/09\/WhatsApp-Image-2021-09-05-at-23.35.27.jpeg\" \/>\n<meta name=\"twitter:card\" content=\"summary_large_image\" \/>\n<meta name=\"twitter:label1\" content=\"Tahmini okuma s\u00fcresi\" \/>\n\t<meta name=\"twitter:data1\" content=\"1 dakika\" \/>\n<script type=\"application\/ld+json\" class=\"yoast-schema-graph\">{\"@context\":\"https:\/\/schema.org\",\"@graph\":[{\"@type\":\"WebPage\",\"@id\":\"http:\/\/www.baskentnightclub.com\/?page_id=541\",\"url\":\"http:\/\/www.baskentnightclub.com\/?page_id=541\",\"name\":\"Hakk\u0131m\u0131zda - Ba\u015fkent Night Club\",\"isPartOf\":{\"@id\":\"http:\/\/www.baskentnightclub.com\/#website\"},\"datePublished\":\"2018-11-27T09:17:08+00:00\",\"dateModified\":\"2023-09-13T08:39:18+00:00\",\"description\":\"Ankara Gecelerinin \u00d6nc\u00fcs\u00fc Ankara Night Clup E\u015fsiz \u015fov ve sahne g\u00f6sterileri ile gecelerin ritmini tutmaya devam ediyor.\",\"breadcrumb\":{\"@id\":\"http:\/\/www.baskentnightclub.com\/?page_id=541#breadcrumb\"},\"inLanguage\":\"tr\",\"potentialAction\":[{\"@type\":\"ReadAction\",\"target\":[\"http:\/\/www.baskentnightclub.com\/?page_id=541\"]}]},{\"@type\":\"BreadcrumbList\",\"@id\":\"http:\/\/www.baskentnightclub.com\/?page_id=541#breadcrumb\",\"itemListElement\":[{\"@type\":\"ListItem\",\"position\":1,\"name\":\"Anasayfa\",\"item\":\"http:\/\/www.baskentnightclub.com\/\"},{\"@type\":\"ListItem\",\"position\":2,\"name\":\"Hakk\u0131m\u0131zda\"}]},{\"@type\":\"WebSite\",\"@id\":\"http:\/\/www.baskentnightclub.com\/#website\",\"url\":\"http:\/\/www.baskentnightclub.com\/\",\"name\":\"Ba\u015fkent Night Club\",\"description\":\"E\u011flencenin ritmini hisset\",\"publisher\":{\"@id\":\"http:\/\/www.baskentnightclub.com\/#organization\"},\"potentialAction\":[{\"@type\":\"SearchAction\",\"target\":{\"@type\":\"EntryPoint\",\"urlTemplate\":\"http:\/\/www.baskentnightclub.com\/?s={search_term_string}\"},\"query-input\":\"required name=search_term_string\"}],\"inLanguage\":\"tr\"},{\"@type\":\"Organization\",\"@id\":\"http:\/\/www.baskentnightclub.com\/#organization\",\"name\":\"Ba\u015fkent Night Club\",\"url\":\"http:\/\/www.baskentnightclub.com\/\",\"logo\":{\"@type\":\"ImageObject\",\"inLanguage\":\"tr\",\"@id\":\"http:\/\/www.baskentnightclub.com\/#\/schema\/logo\/image\/\",\"url\":\"http:\/\/www.baskentnightclub.com\/wp-content\/uploads\/2023\/09\/cropped-cropped-baskent-logo-altin-2.png\",\"contentUrl\":\"http:\/\/www.baskentnightclub.com\/wp-content\/uploads\/2023\/09\/cropped-cropped-baskent-logo-altin-2.png\",\"width\":1562,\"height\":819,\"caption\":\"Ba\u015fkent Night Club\"},\"image\":{\"@id\":\"http:\/\/www.baskentnightclub.com\/#\/schema\/logo\/image\/\"}}]}<\/script>\n<!-- \/ Yoast SEO plugin. -->","yoast_head_json":{"title":"Hakk\u0131m\u0131zda - Ba\u015fkent Night Club","description":"Ankara Gecelerinin \u00d6nc\u00fcs\u00fc Ankara Night Clup E\u015fsiz \u015fov ve sahne g\u00f6sterileri ile gecelerin ritmini tutmaya devam ediyor.","robots":{"index":"index","follow":"follow","max-snippet":"max-snippet:-1","max-image-preview":"max-image-preview:large","max-video-preview":"max-video-preview:-1"},"canonical":"http:\/\/www.baskentnightclub.com\/?page_id=541","og_locale":"tr_TR","og_type":"article","og_title":"Hakk\u0131m\u0131zda - Ba\u015fkent Night Club","og_description":"Ankara Gecelerinin \u00d6nc\u00fcs\u00fc Ankara Night Clup E\u015fsiz \u015fov ve sahne g\u00f6sterileri ile gecelerin ritmini tutmaya devam ediyor.","og_url":"http:\/\/www.baskentnightclub.com\/?page_id=541","og_site_name":"Ba\u015fkent Night Club","article_modified_time":"2023-09-13T08:39:18+00:00","og_image":[{"url":"http:\/\/www.baskentnightclub.com\/wp-content\/uploads\/2023\/09\/WhatsApp-Image-2021-09-05-at-23.35.27.jpeg"}],"twitter_card":"summary_large_image","twitter_misc":{"Tahmini okuma s\u00fcresi":"1 dakika"},"schema":{"@context":"https:\/\/schema.org","@graph":[{"@type":"WebPage","@id":"http:\/\/www.baskentnightclub.com\/?page_id=541","url":"http:\/\/www.baskentnightclub.com\/?page_id=541","name":"Hakk\u0131m\u0131zda - Ba\u015fkent Night Club","isPartOf":{"@id":"http:\/\/www.baskentnightclub.com\/#website"},"datePublished":"2018-11-27T09:17:08+00:00","dateModified":"2023-09-13T08:39:18+00:00","description":"Ankara Gecelerinin \u00d6nc\u00fcs\u00fc Ankara Night Clup E\u015fsiz \u015fov ve sahne g\u00f6sterileri ile gecelerin ritmini tutmaya devam ediyor.","breadcrumb":{"@id":"http:\/\/www.baskentnightclub.com\/?page_id=541#breadcrumb"},"inLanguage":"tr","potentialAction":[{"@type":"ReadAction","target":["http:\/\/www.baskentnightclub.com\/?page_id=541"]}]},{"@type":"BreadcrumbList","@id":"http:\/\/www.baskentnightclub.com\/?page_id=541#breadcrumb","itemListElement":[{"@type":"ListItem","position":1,"name":"Anasayfa","item":"http:\/\/www.baskentnightclub.com\/"},{"@type":"ListItem","position":2,"name":"Hakk\u0131m\u0131zda"}]},{"@type":"WebSite","@id":"http:\/\/www.baskentnightclub.com\/#website","url":"http:\/\/www.baskentnightclub.com\/","name":"Ba\u015fkent Night Club","description":"E\u011flencenin ritmini hisset","publisher":{"@id":"http:\/\/www.baskentnightclub.com\/#organization"},"potentialAction":[{"@type":"SearchAction","target":{"@type":"EntryPoint","urlTemplate":"http:\/\/www.baskentnightclub.com\/?s={search_term_string}"},"query-input":"required name=search_term_string"}],"inLanguage":"tr"},{"@type":"Organization","@id":"http:\/\/www.baskentnightclub.com\/#organization","name":"Ba\u015fkent Night Club","url":"http:\/\/www.baskentnightclub.com\/","logo":{"@type":"ImageObject","inLanguage":"tr","@id":"http:\/\/www.baskentnightclub.com\/#\/schema\/logo\/image\/","url":"http:\/\/www.baskentnightclub.com\/wp-content\/uploads\/2023\/09\/cropped-cropped-baskent-logo-altin-2.png","contentUrl":"http:\/\/www.baskentnightclub.com\/wp-content\/uploads\/2023\/09\/cropped-cropped-baskent-logo-altin-2.png","width":1562,"height":819,"caption":"Ba\u015fkent Night Club"},"image":{"@id":"http:\/\/www.baskentnightclub.com\/#\/schema\/logo\/image\/"}}]}},"_links":{"self":[{"href":"http:\/\/www.baskentnightclub.com\/index.php?rest_route=\/wp\/v2\/pages\/541","targetHints":{"allow":["GET"]}}],"collection":[{"href":"http:\/\/www.baskentnightclub.com\/index.php?rest_route=\/wp\/v2\/pages"}],"about":[{"href":"http:\/\/www.baskentnightclub.com\/index.php?rest_route=\/wp\/v2\/types\/page"}],"author":[{"embeddable":true,"href":"http:\/\/www.baskentnightclub.com\/index.php?rest_route=\/wp\/v2\/users\/1"}],"replies":[{"embeddable":true,"href":"http:\/\/www.baskentnightclub.com\/index.php?rest_route=%2Fwp%2Fv2%2Fcomments&post=541"}],"version-history":[{"count":23,"href":"http:\/\/www.baskentnightclub.com\/index.php?rest_route=\/wp\/v2\/pages\/541\/revisions"}],"predecessor-version":[{"id":912,"href":"http:\/\/www.baskentnightclub.com\/index.php?rest_route=\/wp\/v2\/pages\/541\/revisions\/912"}],"wp:attachment":[{"href":"http:\/\/www.baskentnightclub.com\/index.php?rest_route=%2Fwp%2Fv2%2Fmedia&parent=541"}],"curies":[{"name":"wp","href":"https:\/\/api.w.org\/{rel}","templated":true}]}}